 - 24)
3
0 + (8 - (5 - (-1 + 3)))
5
What is -9 + 0 - (276 + -272)?
-13
Calculate 8 + (0 - 0) + -7 - (-27 + 4).
24
What is -22 - -10 - -13 - -11 - (0 - 1)?
13
9 - (8 + 30 + -14)
-15
(-6 + 49 - -5) + -10 + 2 - 6
34
What is the value of 31 + -13 - (2 - (22 - 1))?
37
-13 + 12 - 6 - -22 - 2
13
What is (-450 - -444) + (-12 - (-2 + (1 - 1)))?
-16
Calculate 8 - (-3 - -1 - (-14 + 16)).
12
What is -5 + -13 - -28 - (2 + -4 - 3)?
15
Evaluate (125 - 121) + -27 + (-2 - 0).
-25
What is -4 + 9 + 22 + -49?
-22
What is 10 - 17 - ((-6 - 2) + -10)?
11
(28 + -13 - 14) + (-10 - 1)
-10
Calculate 3 + 5 + 11 + -12 + -8.
-1
Calculate 11 + (-3 + -1 - (-88 - -86)) + -24.
-15
-9 + -7 + 23 + -25 + 4 + -1
-15
Evaluate -12 - -12 - -2 - -15.
17
Evaluate (-4 - (-14 + -13)) + -14 + 1 + 15.
25
Evaluate -10 + -7 + 8 - (-2 - 5 - -14).
-16
Evaluate 5 - 29 - -23 - (2 + -1 + -6).
4
Calculate -6 + (9 + 1 - 4) - 1.
-1
Calculate 28 + 20 + (-40 - -11).
19
What is 16 + (-5 - 0 - (63 - 74))?
22
-1 - (19 + -21 + 8) - -2
-5
Evaluate -18 + 9 - (-7 - (3 - 9 - -5)).
-3
Evaluate (-1 - -2 - 8) + (189 - 194).
-12
Evaluate -67 - -63 - (-22 + 18 - (0 - -24)).
24
What is the value of (3 + -27 - 3) + (31 - 2) + -20?
-18
What is the value of 2 + -26 - (1461 - 1468)?
-17
Calculate (1 - 15) + (-52 + 30 - -7).
-29
(3 - (-1 - -9)) + (-11 - -13)
-3
What is the value of (78 - 86) + -11 + 2 - (-9 + -1)?
-7
What is (1 + -2 - (1 - 1)) + (462 - 466)?
-5
Calculate -6 - (-4 + 2 - -1).
-5
Calculate 20 - 50 - (-13 - -1).
-18
Evaluate -11 + -9 + 12 - -3 - -9 - 9.
-5
0 + -16 - (706 - 725)
3
What is (14 - 20) + (5 - (7 + -3))?
-5
Calculate (9 - 12) + 5 + -3.
-1
What is the value of -39 - -7 - (33 + -42)?
-23
What is (-3 + -11 - (-25 + 4)) + 14?
21
What is the value of (10 - 2) + 1 - (-9 + 4 + 9)?
5
(0 - -19) + (-494 - -491)
16
What is -7 + -15 + -2 + 1 - (-17 + 9)?
-15
Calculate (-1 - -5) + 0 - (29 + -1 + -39).
15
Calculate 10 - (-6 - (-16 + -1)) - 11.
-12
-13 - -3 - 15 - -16
-9
Evaluate -11 + (26 - (10 - -16)).
-11
9 - (-7 - (-32 + 15))
-1
What is the value of 30 - ((-27 - -30) + 26)?
1
Calculate 8 + -17 + 9 - 12.
-12
What is the value of -47 + 47 - (1 + -2 + (4 - 3))?
0
What is the value of (0 - (-2 + -6)) + (-9 - -55) + -27?
27
What is 7 + 9 + -9 + 3 + -41 + 1?
-30
What is the value of -1 - ((-3 + 3 + 7 - 22) + 6)?
8
Calculate -38 + (69 - -5 - 33).
3
What is 6 + -7 + ((-1 - -2) + -11 - -4)?
-7
Evaluate 15 + -11 + -6 - (0 - -4).
-6
-1 - 4 - (-12 - ((3 - 10) + 13))
13
What is the value of 1 + (20 - (-8 + 20))?
9
Evaluate 10 - (43 - (-6 - -4 - 2) - 6).
-31
What is the value of -18 - (-15 + 16 + -5) - -16?
2
(8 + (-4 - 10) - -11) + (13 - 1)
17
(-1 + 3 - 35 - 0) + 0
-33
Calculate -1 + 4 + -30 + 46.
19
Calculate 0 + (-16 - -26 - ((2 - -1) + 2)).
5
What is 94 - 84 - (-3 + 16)?
-3
9 + (1 + -13 - (-2 + -3)) - -5
7
(7 - (-16 + 10 - -13)) + 10
10
Calculate 21 + -19 + -3 + 35 + -7.
27
Evaluate -1 + -5 - (1 - 3) - (-14 + 1).
9
What is -8 + (-2 - 0) + -135 + 132?
-13
What is the value of -5 + -8 + 25 + (7 - -3)?
22
What is the value of (-23 + 10 - (-10 + 0)) + 10 + -1?
6
-7 + (5 + -18 - -5) - -10
-5
Calculate -13 + (3 - 2) + 1 + (2 - -1).
-8
2 + -22 - (-42 + 63 + -24)
-17
Evaluate ((2 - 0) + -9 - -2) + 12.
7
What is the value of -34 + (-14 - -12) + (8 - -6)?
-22
Evaluate 163 + -165 + -13 + 2.
-13
-10 - (0 + 31 + -26 + -1 + -5)
-9
What is the value of 1 - 10 - (-15 + (-27 - -12) - -5)?
16
What is -3 + 1 + 6 + (-83 - -63)?
-16
What is 10 - (1 - (-1 + -8 + 3)) - -9?
12
What is the value of -22 + 55 - (28 - 2)?
7
What is the value of 4 + (-5 - 6 - -6) - (1 - 13)?
11
Calculate -15 - (48 - 18) - -41.
-4
1 + 17 + -14 - 10
-6
Evaluate (1 + -4 - -5) + 7.
9
Calculate 4 - (0 + 3 + 154 + -165).
12
-9 + 18 + (0 - (10 - 3))
2
Evaluate 24 - ((-3 - -11) + -1) - 14.
3
What is -17 + -12 + 19 - -16?
6
What is the value of -3 - (4 + 20 + -29)?
2
What is the value of (-13 - 2) + 1 - -9?
-5
Calculate 0 + 13 + 2 - 10.
5
Evaluate 2 - (6 - (-7 + 2)).
-9
What is 3 + (1 - -6 - (2 + -6 + 9))?
5
((9 + -9 - 6) + 0 - -4) + -3
-5
Evaluate -12 + 0 + (10 - 7 - -12).
3
91 + -101 + (-3 - (1 + -3) - 0)
-11
(26 - (31 - 9)) + (-1 - -1)
4
Evaluate -3 + 14 + (6 - (37 + -10 - -3)).
-13
Evaluate 12 + 4 + (2 + -6 - (-1 + 1)).
12
Calculate -3 - -3 - (27 + -23).
-4
Calculate (-31 - (3 - 10)) + 26.
2
Evaluate -2 + (3 - -4) + (-7 - 1).
-3
What is (-5 - (0 - -8)) + 46 + -35?
-2
-2 + 2 + (-3 - (-2 + 4)) - -5
0
What is -17 + (2 - 6 - -7) + (-17 - -15)?
-16
What is the value of 3 - 0 - (294 + -278)?
-13
77 + -79 + 2 + -18
-18
-2 + 4 - ((-1 - -16) + 7) - -4
-16
What is the value of 3 + -3 + -6 - (0 - -6)?
-12
Evaluate 31 - (-21 - (-6 - 30)).
16
What is -4 - 10 - (2 + 5)?
-21
What is the value of (3 - 3) + 12 + 14 + 0?
26
What is -12 + (13 - 6) + 6 + -8?
-7
Calculate -19 + 2 - (0 + (-3 - -1)).
-15
Calculate -11 - 2 - (-18 + 12).
-7
-2 + (7 - 1) - (-331 - -314)
21
Calculate 36 + -14 + -15 + (1 - (2 - -3)).
3
Evaluate -70 + (4 - -64) + (-1 - -31).
28
Evaluate (-45 - -78) + 0 + -24 - (1 - -23).
-15
What is 88 + -81 - (4 + -4 - -14)?
-7
What is 4 + 23 - 10 - (11 + -2)?
8
Calculate (3 - 5) + -6 - -1.
-7
What is the value of 2 + 18 + (-9 - 1) - 0?
10
Evaluate 10 - (-6 + -6 + 13) - 12.
-3
Calculate ((1 - -6 - -8) + -8 - 16) + 18.
9
Evaluate (23 - (49 + -21)) + -10.
-15
2 + (22 - 12 - (2 - -2)) - -4
12
Evaluate 4 - -1 - (2 - -5 - (-8 + 7)).
-3
(7 + -10 - -7 - 1) + -20
-17
What is (-10 - -1) + 8 - (-4 + 0)?
3
Calculate 5 - (-1 + 1 + 10).
-5
What is the value of 16 - (-8 + 3 + 31)?
-10
What is 12 + -21 + -8 + 18?
1
Calculate 0 + -52 + 42 + (-1 - -3) + 23.
15
Evaluate (20 - ((-5 - 12) + (-15 - -21))) + -2.
29
What is (-20 - (-24 + -13)) + -31?
-14
Evaluate 8 - (2 - (2 + 1 - (8 - 1))).
2
What is the value of 0 + -40 + (411 - 385)?
-14
Calculate (1 - 2) + -6 + 302 + -279.
16
-12 + -7 + 14 - 12
-17
What is the value of -3 - -13 - (-103 + 120)?
-7
What is -14 + (2 + 17 - 9)?
-4
Calculate -36 + 32 + (-8 - -3) + 12.
3
Evaluate -4 - -6 - (0 - (4 - 8 - -13)).
11
Evaluate 7 + -11 + 7 + (5 - 9).
-1
What is the value of (0 - 4) + 0 + -13 - -4?
-13
Calculate -7 - ((25 + 2 - 10) + -8).
-16
Calculate 472 + -476 - (0 + 13 + 2 + -4).
-15
Calculate -1 - (-45 + 28 + (31 - -1)).
-16
What is the value of -4 + 13 + -6 - -25 - (0 - -6)?
22
Evaluate -72 + 73 - (0 - -9 - 36).
28
(43 - (36 - 2)) + 9
18
9 - (2 + -18 - (-2 - 7) - -37)
-21
What is the value of (-4 - (-7 - (-10 + 13))) + -1?
5
What is the value of (17 - -26) + -20 - 27?
-4
11 + 24 + (-14 - 3)
18
What is 42 - ((165 - 162) + -4 + 0 + 8)?
35
What is the value of -206 - -193 - (0 - (9 - 0))?
-4
Evaluate -9 - (-30 + (15 - -31)).
-25
Calculate 27 - (20 - (-33 - -21)).
-5
(-12 - 6) + 7 + -5 + 20
4
What is 5 - (5 + (-29 - -29))?
0
What is the value of (-21 - (12 - 11)) + -4 + 12?
-14
Evaluate 5 - (-16 + (-2 - -30)).
-7
What is the value of 29 - (9 + (11 - 22) + 3 + -7)?
35
What is the value of 30 - (-22 - (-11 - 29))?
12
What is the value of 7 + ((3 - -6) + -12 - -7)?
11
Calculate (-1 - (-2 - (-4 + -4) - 19)) + 1.
13
What is 12 + 8 + (3 - 1 - (-17 - -26))?
13
(-1 - -1) + -5 + 17 + 0 + 0
12
-15 - (13 + (-25 - -8))
-11
What is (-26 - (-14 - -4)) + (-2 - 3)?
-21
Evaluate -8 - (8 - (-1 + 2)).
-15
Calculate (12 - (-3 - -6)) + 10 + 5 + -12.
12
What is -10 + 1 + 14 + (-20 - -8 - -9)?
2
What is the value of -8 + (4 - 6) + -7 + 14?
-3
Evaluate 3 + -8 - (6 + -3) - -17 - 17.
-8
Calculate 57 - (29 + (0 - 5)).
33
What is the value of -9 - (6 + (2 - 9))?
-8
What is the value of (-10 - (7 + -11 - (-4 - -10))) + -3?
-3
What is -21 - (-14 - (-4 + -5) - 4)?
-12
Calculate 0 + 7 + -46 + 59 + -46.
-26
What is the value of (-4 - -2) + (6 - 1)?
3
Calculate (11 - (7 + -2) - -7) + -48.
-35
What is ((3 - 3) + 5 - -3) + 3?
11
Evaluate 15 + -14 + (-7 - -15).
9
What is the value of (2 + -9 - 2) + 11 + 9 + 20?
31
Evaluate -2 + (2 - 2) + -12 + 21 - 1.
6
2 - 0 - (-14 + (-3 - -17))
2
What is the value of 38 - 5 - (-3 + -7 + 8 + -3)?
38
What is the value of (-1 + 8 - (-33 + 35)) + -22?
-17
What is -7 - (-14 + 10) - ((-2 - -2) + -3)?
0
Calculate -18 - -11 - -5 - -3.
1
What is 7059 - 7049 - (-6 - (-1 - 0) - 1)?
16
Calculate 27 + -1 + (333 - 342).
17
Calculate -4 + (1 - -6) - (-1 + -3 - -5).
2
Evaluate (1 - 8) + (2 - (10 - 2 - 2)).
-11
(-10 - -4 - (12 - 3) - -9) + 0
-6
-35 + (25 - (2 + 2))
-14
